5). Suppose 0 = 4*v + 4*h - 180, -2*h + 85 = -3*v + 245. Calculate the highest common factor of v and u.
10
Let t(o) = 6*o**3 + 45*o**2 - 5*o + 14. Let h be t(-7). What is the highest common divisor of 637 and h?
49
Suppose -2*b - b + 12 = 0. Let i be (-26)/(-130) - 68/(-10). Suppose i*s = 9*s + 2*p - 8, -2*s = p - 5. What is the greatest common factor of b and s?
1
Let b(f) = -f**2 - f - 43. Let d be b(0). Let x be d - -37 - (-2 - 628). Calculate the highest common divisor of 72 and x.
24
Suppose 24*k - 25*k = -3*s + 537, -5*s + 891 = -3*k. What is the highest common divisor of s and 5976?
36
Suppose -2*h - 4 = 3*t, 0 = 4*t - t - 2*h - 4. Suppose -2*j + 252 + 126 = t. What is the highest common divisor of j and 63?
63
Suppose -21*r = -22*r + 6. Suppose r*n = 23 - 5. Let o be 12/4 - 1/1. What is the highest common divisor of o and n?
1
Let a be -28*(-11)/(396/27). What is the greatest common divisor of 4529 and a?
7
Let u(h) = -h**3 - 8*h**2 - 2*h - 87. Let z be u(-9). Calculate the greatest common divisor of 2004 and z.
12
Suppose 12*z = -1980 + 2244. Let x(j) = -210*j**3 + 2*j + 1. Let t be x(-1). What is the greatest common factor of t and z?
11
Let f be (-34 - -29 - 17/(-3))*-9. Let l be (225/f)/(524/(-128) + 4). Calculate the highest common factor of 75 and l.
25
Let s(h) = 85*h - 890. Let g be s(23). Calculate the highest common divisor of g and 45.
15
Suppose -5*g + 87 = 12. Suppose -18*v = -24*v - 1038. Let m = v + 233. Calculate the greatest common divisor of m and g.
15
Let i be (-9)/(99/22)*(-9)/2. Suppose -5*w = -i*m + 6*m - 336, -5*w = m - 348. What is the highest common divisor of 345 and w?
69
Suppose 5*q = -w + 17, -729*q = -731*q + 2. What is the greatest common divisor of w and 38?
2
Let r be 250/(-3125) - (-43704)/50. What is the greatest common factor of 322 and r?
46
Let l(h) = h**3 - 40*h**2 - 27*h - 1437. Let a be l(42). What is the greatest common factor of 429 and a?
33
Let g be (-5 + 13 + (-292)/4)/(-1). Let j = 77 - 38. What is the greatest common factor of g and j?
13
Let g be (-25)/20 + 3 - (-1)/4. Suppose 2*p = 5*a - 7, 3*p + 13 = 3*a - g. Let l = 4 - p. Calculate the greatest common divisor of 80 and l.
10
Let k(p) = 2*p**3 + 55*p**2 + 74*p - 27. Let r be k(-26). Calculate the greatest common divisor of 88 and r.
11
Suppose 7*s = 11 + 31. Let o be 3395/210 - 1/s. Calculate the greatest common factor of 1 and o.
1
Let s = 32 + -22. Suppose -270 = -756*y + 629*y + 1000. Calculate the highest common divisor of y and s.
10
Let t be (-20 - -17)*117*(-4)/6. What is the highest common divisor of t and 3354?
78
Let k = -4010 + 4053. Calculate the greatest common factor of k and 2365.
43
Let l = 23793 + -23526. Calculate the highest common factor of l and 979.
89
Let v = -14504 + 19528. What is the highest common divisor of 96 and v?
32
Suppose 3*n = -3*c + 33, 63 - 43 = n + 4*c. Suppose 5*p + 2*o - 3366 = 0, 1356 = 2*p - 4*o + n*o. Calculate the highest common factor of 192 and p.
96
Let c(h) = -h**3 - 3*h**2 - 12*h - 44. Let v = -626 + 618. Let i be c(v). Calculate the greatest common factor of i and 12.
12
Suppose 5 = t, -1598 = -5*m + 2*t + 942. What is the greatest common divisor of 390 and m?
30
Let h = -11 + 8. Let x be ((-2 - -2)*-1)/h. Let z(r) = r + 10. Let v be z(x). What is the greatest common factor of 80 and v?
10
Let u be 7/1*(35/(-105))/((-28)/4248). Calculate the highest common divisor of 3009 and u.
177
Let b(h) be the first derivative of 21*h**2/2 + 31*h - 23. Let w be b(27). What is the greatest common factor of 26 and w?
26
Suppose 9*p = 83 - 30 + 37. What is the highest common factor of 148 and p?
2
Suppose -412 = -3*m - 349. Let z = 20 + -49. Let o = 34 - z. Calculate the greatest common divisor of m and o.
21
Let i be ((-35)/(-56))/1*72. Let l(t) = 6*t**2 + t + 18. Let r be l(-9). Calculate the highest common factor of i and r.
45
Let z be (-4 - -4 - (-1)/2)*2. Let w(o) = -2*o - 1. Let g be w(-15). Calculate the greatest common divisor of z and g.
1
Let d be (-352)/132*(0 + -6). Suppose -t + 9 = -d. Calculate the highest common divisor of 15 and t.
5
Let a = 8424 - 8422. What is the greatest common factor of a and 2010?
2
Let l = 75 + -40. Suppose 2*n - 307 = k - 84, 520 = 5*n + 5*k. Suppose -38 = -7*g + n. What is the greatest common divisor of l and g?
7
Let y(f) = -12*f**3 + 58*f**2 - 10*f + 6. Let s be y(4). Calculate the greatest common factor of 1386 and s.
126
Suppose -2*p + 86 = -4*r, -3*p - r = -5*r - 131. Let f be 2/(16/(-20))*2 - -86. Calculate the highest common factor of f and p.
9
Let i = 21371 - 21035. What is the highest common factor of i and 816?
48
Suppose 129*h - 270 = -6*h. Suppose -2*u + 16 = -3*f, -3*u + 4*f + 22 = -f. Calculate the greatest common factor of u and h.
2
Let q be (-74)/(-111)*(1 - -287). Let a = q + -94. Suppose 0 = f + g - 18, 0 = f - 3*f + 2*g + 20. Calculate the greatest common divisor of a and f.
14
Suppose -o - 4*x - 2 = -3*o, -3*o - 4*x = 7. Let c be o/2 + (-2607)/6. Let w = -264 - c. Calculate the greatest common divisor of w and 19.
19
Let y(u) = -2*u - 16. Let l be y(-10). Suppose 4*t = -l*a + 1580, 43 = 2*a - 2*t - 751. Calculate the highest common divisor of 36 and a.
36
Let p(d) = 5*d + 5. Let i be p(-2). Let r(g) = -20*g - 35. Let w be r(i). Suppose -6*m + 7 + w = 0. What is the greatest common factor of m and 132?
12
Suppose -16*q - 4142 = -35*q. Let t = q + -208. What is the greatest common divisor of 30 and t?
10
Let b(j) = -4 + 11*j - 3 + 3 - 3 + 9*j**2 - j**3. Let s be b(10). Suppose -2 + 11 = s*y. Calculate the greatest common divisor of y and 18.
3
Let c(v) = v**2 - 3*v. Let r be c(4). Let i = 121 - 81. Suppose 24 - i = -r*w. Calculate the highest common factor of 36 and w.
4
Suppose 108 = -27*n + 30*n. Let q = 54 - n. Calculate the highest common factor of 153 and q.
9
Let y(q) = 48*q**2 + q + 1. Let b be y(-1). Let h = 694 + -735. Let w(l) = -4*l - 148. Let p be w(h). What is the highest common factor of p and b?
16
Suppose -52*m + 99 = -43*m. Let n(b) = -b**3 + 10*b**2 + 21*b - 86. Let d be n(m). What is the greatest common factor of 48 and d?
24
Suppose 24*y - 174 = 330. Suppose y*v = 33 + 303. What is the greatest common divisor of v and 256?
16
Let h = 146 - 122. Let t be (-12)/8*(-110)/15. Suppose 5*l - t = 4. Calculate the greatest common factor of l and h.
3
Let x = -5064 + 5118. What is the greatest common factor of x and 1674?
54
Suppose 0 = 2*u - 19*c + 20*c - 1122, 2826 = 5*u - c. What is the greatest common divisor of 168 and u?
12
Let k(a) = 46*a**2 - 30*a + 80. Let u be k(4). What is the greatest common divisor of 261 and u?
87
Let d(g) = g**3 + 50*g**2 - 279*g + 92. Let k be d(-55). Let y be 16/(-40) - (-244)/10. Calculate the greatest common divisor of k and y.
24
Let x(h) = 8*h**3 - h**2 - 17*h + 12. Let j be x(4). Calculate the greatest common divisor of j and 110.
110
Let p = -509 + 830. Let d = -302 + p. Calculate the greatest common divisor of d and 304.
19
Suppose 29*c = 23*c + 240. Suppose 10*k - 6*k = c. What is the highest common divisor of 250 and k?
10
Let a = 113 + -123. Let b be 1 - (8 + a)/(2/37). What is the greatest common divisor of b and 95?
19
Let f(m) = -16*m + 374. Let q be f(0). Suppose 8*r - q + 118 = 0. What is the greatest common divisor of 112 and r?
16
Let o(s) = -s**3 - 8*s**2 + 35. Let r be o(10). Let q = 2496 + r. What is the highest common divisor of q and 17?
17
Let f = -114 - -136. Let o be 3 + 0/(-2) + -1. Suppose o*c + k = 485, 0*c - 4*k = -4*c + 964. Calculate the highest common factor of f and c.
22
Let y(o) = 4*o**2 - 4*o - 4. Suppose 4*x = 23 + 9. Let s(k) = k**2 - 11*k + 28. Let z be s(x). Let i be y(z). What is the highest common divisor of 4 and i?
4
Let j = 31 + -15. Suppose -4*a = -3*u - 12, -5*u - 3 - 9 = -4*a. Suppose u*r = -y - r - 2, 0 = -2*y - 4*r - 12. Calculate the greatest common factor of j and y.
2
Let g(j) = 278*j - 912. Let d be g(12). What is the greatest common factor of 24 and d?
24
Suppose -16 = -2*x - 6. Suppose -2*n = -x*z - 33, 6*z + 60 = 3*n + 2*z. Let v be 362/6 - 7/21. Calculate the greatest common divisor of n and v.
12
Let p = -41299 - -41393. What is the greatest common divisor of p and 56306?
94
Suppose -80*q - 142*q = 119*q - 418748. What is the hig